{"id":344,"date":"2020-08-12T21:14:30","date_gmt":"2020-08-12T19:14:30","guid":{"rendered":"http:\/\/localhost\/IHFI\/?page_id=344"},"modified":"2026-01-24T17:44:16","modified_gmt":"2026-01-24T16:44:16","slug":"344-2","status":"publish","type":"page","link":"http:\/\/www.ihfi-turgot.com\/?page_id=344","title":{"rendered":""},"content":{"rendered":"\t\t<div data-elementor-type=\"wp-page\" data-elementor-id=\"344\" class=\"elementor elementor-344\" data-elementor-post-type=\"page\">\n\t\t\t\t\t\t<section class=\"elementor-section elementor-top-section elementor-element elementor-element-1307132 elementor-section-boxed elementor-section-height-default elementor-section-height-default\" data-id=\"1307132\" data-element_type=\"section\" data-e-type=\"section\">\n\t\t\t\t\t\t<div class=\"elementor-container elementor-column-gap-default\">\n\t\t\t\t\t<div class=\"elementor-column elementor-col-50 elementor-top-column elementor-element elementor-element-abdf2b7\" data-id=\"abdf2b7\" data-element_type=\"column\" data-e-type=\"column\">\n\t\t\t<div class=\"elementor-widget-wrap elementor-element-populated\">\n\t\t\t\t\t\t<div class=\"elementor-element elementor-element-7c386c8 elementor-invisible elementor-widget elementor-widget-image\" data-id=\"7c386c8\" data-element_type=\"widget\" data-e-type=\"widget\" data-settings=\"{&quot;_animation&quot;:&quot;zoomIn&quot;}\" data-widget_type=\"image.default\">\n\t\t\t\t<div class=\"elementor-widget-container\">\n\t\t\t\t\t\t\t\t\t\t\t\t\t\t\t<img fetchpriority=\"high\" decoding=\"async\" width=\"289\" height=\"472\" src=\"http:\/\/www.ihfi-turgot.com\/wp-content\/uploads\/2023\/06\/WANTZ-OROURKE-1.jpg\" class=\"attachment-medium_large size-medium_large wp-image-1102\" alt=\"\" srcset=\"http:\/\/www.ihfi-turgot.com\/wp-content\/uploads\/2023\/06\/WANTZ-OROURKE-1.jpg 289w, http:\/\/www.ihfi-turgot.com\/wp-content\/uploads\/2023\/06\/WANTZ-OROURKE-1-184x300.jpg 184w\" sizes=\"(max-width: 289px) 100vw, 289px\" \/>\t\t\t\t\t\t\t\t\t\t\t\t\t\t\t<\/div>\n\t\t\t\t<\/div>\n\t\t\t\t\t<\/div>\n\t\t<\/div>\n\t\t\t\t<div class=\"elementor-column elementor-col-50 elementor-top-column elementor-element elementor-element-93d64e5\" data-id=\"93d64e5\" data-element_type=\"column\" data-e-type=\"column\">\n\t\t\t<div class=\"elementor-widget-wrap elementor-element-populated\">\n\t\t\t\t\t\t<div class=\"elementor-element elementor-element-0039a5d elementor-widget elementor-widget-text-editor\" data-id=\"0039a5d\" data-element_type=\"widget\" data-e-type=\"widget\" data-widget_type=\"text-editor.default\">\n\t\t\t\t<div class=\"elementor-widget-container\">\n\t\t\t\t\t\t\t\t\t<p><em><strong>\u00a0<\/strong><\/em><\/p><p class=\"MsoNormal\" style=\"text-align: justify;\"><span style=\"font-size: 12.0pt;\"><strong>Kathleen WANTZ-OROURKE<\/strong><\/span><\/p><p class=\"MsoNormal\" style=\"text-align: justify;\"><span style=\"font-size: 12.0pt;\"><b><br \/><\/b><\/span><span style=\"font-size: 12.0pt;\">Pr\u00e9sidente de l\u2019Association des El\u00e8ves <br \/>et Anciens El\u00e8ves <\/span><span style=\"font-size: 12.0pt;\">de l\u2019Institut de Haute Finance,<\/span><\/p><p class=\"MsoNormal\" style=\"text-align: justify;\"><span style=\"font-size: 12.0pt;\">Pr\u00e9sidente du Prix Turgot<\/span><\/p><p class=\"MsoNormal\" style=\"text-align: justify;\"><span style=\"font-size: 12.0pt;\">Vice-Pr\u00e9sidente du Cercle Turgot<\/span><\/p>\t\t\t\t\t\t\t\t<\/div>\n\t\t\t\t<\/div>\n\t\t\t\t\t<\/div>\n\t\t<\/div>\n\t\t\t\t\t<\/div>\n\t\t<\/section>\n\t\t\t\t<section class=\"elementor-section elementor-top-section elementor-element elementor-element-95cc949 elementor-section-boxed elementor-section-height-default elementor-section-height-default\" data-id=\"95cc949\" data-element_type=\"section\" data-e-type=\"section\">\n\t\t\t\t\t\t<div class=\"elementor-container elementor-column-gap-default\">\n\t\t\t\t\t<div class=\"elementor-column elementor-col-100 elementor-top-column elementor-element elementor-element-18df7bd\" data-id=\"18df7bd\" data-element_type=\"column\" data-e-type=\"column\">\n\t\t\t<div class=\"elementor-widget-wrap elementor-element-populated\">\n\t\t\t\t\t\t<div class=\"elementor-element elementor-element-d86096a elementor-widget elementor-widget-text-editor\" data-id=\"d86096a\" data-element_type=\"widget\" data-e-type=\"widget\" data-widget_type=\"text-editor.default\">\n\t\t\t\t<div class=\"elementor-widget-container\">\n\t\t\t\t\t\t\t\t\t<p>Chers amis, chers Membres, mes chers coll\u00e8gues,<\/p><p>L\u2019ann\u00e9e 2024 a \u00e9t\u00e9 une ann\u00e9e de progr\u00e8s. Nous avons r\u00e9ussi collectivement \u00e0 nouveau, en consolidant nos forces, \u00e0 renforcer notre capital r\u00e9putationnel et intellectuel au service de notre association.<\/p><p><strong>1. La 38<sup>\u00e8me<\/sup> \u00e9dition du Prix Turgot<\/strong><\/p><p>Notre 38<sup>\u00e8me<\/sup> \u00e9dition a eu lieu le 25 mars 2025 \u00e0 Bercy. Nous avons r\u00e9ussi \u00e0 attirer 400 inscrits pour une c\u00e9r\u00e9monie qui devient un \u00e9v\u00e9nement incontournable et visible dans la sph\u00e8re \u00e9conomique en France, mais aussi dans de nouveaux pays francophones.<\/p><p>Apr\u00e8s une premi\u00e8re ann\u00e9e 2024 que j\u2019appellerais de \u00ab\u00a0rodage\u00a0\u00bb, le processus d\u2019organisation de la c\u00e9r\u00e9monie 2025 avec la nouvelle configuration d\u2019\u00e9quipe, s\u2019est d\u00e9roul\u00e9 sans difficult\u00e9s particuli\u00e8res. Merci \u00e0 tous ceux et celles qui y ont contribu\u00e9.<\/p><p>Nous avons s\u00e9lectionn\u00e9 6 auteurs pour concourir pour le prix 2025. Notre processus de s\u00e9lection, pilot\u00e9 par le professeur Jean-Jacques Pluchart, a encore d\u00e9montr\u00e9 son efficacit\u00e9 et pertinence. Si notre prix est pris\u00e9, c\u2019est aussi parce que nous arrivons \u00e0 d\u00e9tecter, par avance, les grands sujets du moment. Nous choisissons des ouvrages qui alimentent les d\u00e9bats contemporains, ce qui renforce notre r\u00e9putation.<\/p><p>La s\u00e9lection de la 38e \u00e9dition a couvert les grands sujets qui ont anim\u00e9 le d\u00e9bat public tout au long de 2024 :<\/p><ul><li>une croissance \u00e9conomique stagnante<\/li><li>l\u2019inflation : L&rsquo;ann\u00e9e a commenc\u00e9 avec une inflation des prix \u00e0 la consommation \u00e0 3,1 % sur un an, et s&rsquo;est termin\u00e9e avec un taux de 1,3 % en d\u00e9cembre<\/li><li>une situation budg\u00e9taire d\u00e9licate avec un d\u00e9ficit public atteignant environ 6% du PIB<\/li><li>une transition \u00e9nerg\u00e9tique et \u00e9cologique marqu\u00e9e par la mont\u00e9e de la gouvernance climatique mondiale<\/li><li>la s\u00e9curit\u00e9 \u00e9conomique europ\u00e9enne : Face \u00e0 la mont\u00e9e d&rsquo;investisseurs \u00e9trangers dans des domaines cl\u00e9s et des technologies du futur, et pour finir,<\/li><li>le d\u00e9veloppement durable avec la question des ressources naturelles, notamment celle de l&rsquo;eau.<\/li><\/ul><p>La Laur\u00e9ate de la 38e Edition du PRIX TURGOT est <strong>Laure QUENNOUELLE-CORRE<\/strong> pour son ouvrage <strong>\u00ab Le d\u00e9ni de la dette, une histoire fran\u00e7aise \u00bb<\/strong> &#8211; Editions Flammarion.<\/p><p>Le Grand Jury a d\u00e9cid\u00e9 d\u2019attribuer exceptionnellement, <strong>deux prix du Jury \u00e0 Jean-Baptiste FRESSOZ, pour \u00ab Sans Transition \u00bb &#8211; Editions Seuil<\/strong> et \u00e0 <strong>Fran\u00e7ois-Xavier CARAYON pour son ouvrage \u00ab Les \u00e9tats pr\u00e9dateurs \u00bb<\/strong> &#8211; Editions Fayard.<\/p><p>Trois <strong>mentions d\u2019honneur ex-aequo<\/strong> ont \u00e9t\u00e9 d\u00e9cern\u00e9es \u00e0 <strong>Jean-Denis COMBREXELLE pour les \u00ab Les normes \u00e0 l\u2019assaut de la d\u00e9mocratie \u00bb <\/strong>&#8211; Editions Odile Jacob, \u00e0 <strong>David BAVEREZ, pour \u00ab Bienvenue en \u00e9conomie de guerre ! \u00bb<\/strong> &#8211; Editions Novice et \u00e0 <strong>Cristina PEICUTI, pour \u00ab Histoire mon\u00e9taire et \u00e9conomique de la France, de 1944 \u00e0 nos jours \u00bb<\/strong> &#8211; Editions Eyrolles.<\/p><p>La revue de presse de 62 pages englobant des articles de presse, des articles publi\u00e9s sur internet, ainsi qu\u2019un extrait de postes sur les r\u00e9seaux sociaux, fait ressortir un fait particuli\u00e8rement int\u00e9ressant cette ann\u00e9e. En effet, les jeunes auteurs des prix sp\u00e9ciaux ont eu quasi autant, voire plus, de retomb\u00e9es m\u00e9diatiques et de visibilit\u00e9 que les grands laur\u00e9ats du Prix Turgot. Cela doit nous encourager de poursuivre la mont\u00e9e en puissance de la s\u00e9lection des prix sp\u00e9ciaux.<\/p><p><strong>2. Travaux de l\u2019Association et du Club Turgot en 2024\/2025<\/strong><\/p><p>L\u2019ann\u00e9e 2024 a \u00e9t\u00e9 la premi\u00e8re ann\u00e9e pleine du fonctionnement de la nouvelle organisation du club de pr\u00e9s\u00e9lection, d\u00e9sormais appel\u00e9 le Club Turgot.<\/p><p>J\u2019ai sinc\u00e8rement le plaisir, de voir la mont\u00e9e en puissance du travail en \u00e9quipe gr\u00e2ce au nouveau fonctionnement mis en place en 2024. \u00a0<\/p><p>D\u2019abord, la nouvelle animation des contributions des membres du Club sous le pilotage de Florence Angl\u00e8s en appui de Jean-Jacques Pluchart, avance avec beaucoup d\u2019\u00e9nergie et volont\u00e9. Merci \u00e0 Florence et aux membres du Club pour la mise en \u0153uvre r\u00e9ussie de cette transition. Cela permet \u00e0 Jean-Jacques Pluchart d\u2019animer davantage les publications sur notre blog Club Turgot.<\/p><p>Ce dernier continue de b\u00e9n\u00e9ficier d\u2019une augmentation impressionnante de vues par semaine. Actuellement, le blog du Club Turgot enregistre autour de 18,000 vues par semaine, dont environ 20% venant de l\u2019\u00e9tranger et notamment des pays anglophones. Ceci sans doute gr\u00e2ce \u00e0 la publication \u00e9galement en anglais.<\/p><p>L\u2019approche propos\u00e9e par le professeur Pluchart qui consiste en bin\u00f4mes qui se partagent les chroniques et publications par semaine pendant une p\u00e9riode d\u00e9termin\u00e9e, est plus que r\u00e9ussie. Mes sinc\u00e8res f\u00e9licitations et remerciements aux membres du Club Turgot pour ce travail en continue qui rencontre un tr\u00e8s grand succ\u00e8s.<\/p><p>Notre marque Turgot rayonne d\u00e9sormais toute l\u2019ann\u00e9e gr\u00e2ce au blog.<\/p><p><strong>3. Changements dans le Grand Jury<\/strong><\/p><p>Nous avons eu le plaisir de renforcer notre grand jury par deux nouvelles personnalit\u00e9s issues des finances publiques et du secteur bancaire avec Christophe Bories, chef du service du financement de l&rsquo;\u00e9conomie \u00e0 la Direction G\u00e9n\u00e9rale du Tr\u00e9sor, et avec Charlotte Dennery, Director and Chief Executive Officer de BNP Paribas Personal Finance et membre du COMEX de BNP Paribas.<\/p><p>Notre feuille de route de 2025 consistera en le renforcement du grand jury avec des personnalit\u00e9s issues de l\u2019industrie et des profils d\u2019\u00e9conomistes de renom.<\/p><p><strong>4. Relations IFG\/IHFi<\/strong><\/p><p>En 2024, Philippe Alezard s\u2019est investi avec beaucoup d\u2019engagement personnel \u00e0 animer notre relation retrouv\u00e9e avec l\u2019IFG\/l\u2019IHFi. Je tiens \u00e0 le remercier. A l\u2019instar de 2024, nous sommes intervenus avec Philippe Alezard \u00e0 la c\u00e9r\u00e9monie de la remise des dipl\u00f4mes en juillet 2025 pour promouvoir notre association aupr\u00e8s des nouveaux dipl\u00f4m\u00e9s. Par ailleurs, nous avons r\u00e9alis\u00e9 avec Philippe, \u00e0 la demande de l\u2019IFG\/IHFi, un video pour soutenir et promouvoir l\u2019IHfi qui peut \u00eatre visualis\u00e9 sur le site de l\u2019IFG.IHFi.<\/p><p>Bien amicalement.<\/p><p>Kathleen Wantz-O\u2019Rourke<\/p>\t\t\t\t\t\t\t\t<\/div>\n\t\t\t\t<\/div>\n\t\t\t\t\t<\/div>\n\t\t<\/div>\n\t\t\t\t\t<\/div>\n\t\t<\/section>\n\t\t\t\t<\/div>\n\t\t","protected":false},"excerpt":{"rendered":"<p>\u00a0 Kathleen WANTZ-OROURKE Pr\u00e9sidente de l\u2019Association des El\u00e8ves et Anciens El\u00e8ves de l\u2019Institut de Haute Finance, Pr\u00e9sidente du Prix Turgot<\/p>\n","protected":false},"author":1,"featured_media":0,"parent":0,"menu_order":0,"comment_status":"closed","ping_status":"closed","template":"","meta":{"colormag_page_container_layout":"default_layout","colormag_page_sidebar_layout":"default_layout","footnotes":""},"class_list":["post-344","page","type-page","status-publish","hentry"],"aioseo_notices":[],"_links":{"self":[{"href":"http:\/\/www.ihfi-turgot.com\/index.php?rest_route=\/wp\/v2\/pages\/344","targetHints":{"allow":["GET"]}}],"collection":[{"href":"http:\/\/www.ihfi-turgot.com\/index.php?rest_route=\/wp\/v2\/pages"}],"about":[{"href":"http:\/\/www.ihfi-turgot.com\/index.php?rest_route=\/wp\/v2\/types\/page"}],"author":[{"embeddable":true,"href":"http:\/\/www.ihfi-turgot.com\/index.php?rest_route=\/wp\/v2\/users\/1"}],"replies":[{"embeddable":true,"href":"http:\/\/www.ihfi-turgot.com\/index.php?rest_route=%2Fwp%2Fv2%2Fcomments&post=344"}],"version-history":[{"count":29,"href":"http:\/\/www.ihfi-turgot.com\/index.php?rest_route=\/wp\/v2\/pages\/344\/revisions"}],"predecessor-version":[{"id":1905,"href":"http:\/\/www.ihfi-turgot.com\/index.php?rest_route=\/wp\/v2\/pages\/344\/revisions\/1905"}],"wp:attachment":[{"href":"http:\/\/www.ihfi-turgot.com\/index.php?rest_route=%2Fwp%2Fv2%2Fmedia&parent=344"}],"curies":[{"name":"wp","href":"https:\/\/api.w.org\/{rel}","templated":true}]}}