{"id":1566,"date":"2024-07-03T21:01:20","date_gmt":"2024-07-03T19:01:20","guid":{"rendered":"http:\/\/www.ihfi-turgot.com\/?page_id=1566"},"modified":"2025-02-03T21:15:01","modified_gmt":"2025-02-03T20:15:01","slug":"elementor-1566","status":"publish","type":"page","link":"http:\/\/www.ihfi-turgot.com\/?page_id=1566","title":{"rendered":"\u00c9v\u00e9nements"},"content":{"rendered":"\t\t<div data-elementor-type=\"wp-page\" data-elementor-id=\"1566\" class=\"elementor elementor-1566\" data-elementor-post-type=\"page\">\n\t\t\t\t\t\t<section class=\"elementor-section elementor-top-section elementor-element elementor-element-6878c4a elementor-section-boxed elementor-section-height-default elementor-section-height-default\" data-id=\"6878c4a\" data-element_type=\"section\" data-e-type=\"section\">\n\t\t\t\t\t\t<div class=\"elementor-container elementor-column-gap-default\">\n\t\t\t\t\t<div class=\"elementor-column elementor-col-100 elementor-top-column elementor-element elementor-element-8817249\" data-id=\"8817249\" data-element_type=\"column\" data-e-type=\"column\">\n\t\t\t<div class=\"elementor-widget-wrap elementor-element-populated\">\n\t\t\t\t\t\t<div class=\"elementor-element elementor-element-5e31b0c elementor-widget elementor-widget-image\" data-id=\"5e31b0c\" data-element_type=\"widget\" data-e-type=\"widget\" data-widget_type=\"image.default\">\n\t\t\t\t<div class=\"elementor-widget-container\">\n\t\t\t\t\t\t\t\t\t\t\t\t<figure class=\"wp-caption\">\n\t\t\t\t\t\t\t\t\t\t<img fetchpriority=\"high\" decoding=\"async\" width=\"800\" height=\"534\" src=\"https:\/\/www.ihfi-turgot.com\/wp-content\/uploads\/2025\/02\/Cercle-TURGOT-Rencontre-du-29-janvier-avec-le-Premier-Minstre-Bernard-CAZENEUVE-1024x683.jpg\" class=\"attachment-large size-large wp-image-1648\" alt=\"\" srcset=\"https:\/\/www.ihfi-turgot.com\/wp-content\/uploads\/2025\/02\/Cercle-TURGOT-Rencontre-du-29-janvier-avec-le-Premier-Minstre-Bernard-CAZENEUVE-1024x683.jpg 1024w, https:\/\/www.ihfi-turgot.com\/wp-content\/uploads\/2025\/02\/Cercle-TURGOT-Rencontre-du-29-janvier-avec-le-Premier-Minstre-Bernard-CAZENEUVE-300x200.jpg 300w, https:\/\/www.ihfi-turgot.com\/wp-content\/uploads\/2025\/02\/Cercle-TURGOT-Rencontre-du-29-janvier-avec-le-Premier-Minstre-Bernard-CAZENEUVE-768x512.jpg 768w, https:\/\/www.ihfi-turgot.com\/wp-content\/uploads\/2025\/02\/Cercle-TURGOT-Rencontre-du-29-janvier-avec-le-Premier-Minstre-Bernard-CAZENEUVE-1536x1024.jpg 1536w\" sizes=\"(max-width: 800px) 100vw, 800px\" \/>\t\t\t\t\t\t\t\t\t\t\t<figcaption class=\"widget-image-caption wp-caption-text\">Cercle TURGOT - Rencontre du 29 janvier avec le Premier Minstre Bernard CAZENEUVE<\/figcaption>\n\t\t\t\t\t\t\t\t\t\t<\/figure>\n\t\t\t\t\t\t\t\t\t<\/div>\n\t\t\t\t<\/div>\n\t\t\t\t\t<\/div>\n\t\t<\/div>\n\t\t\t\t\t<\/div>\n\t\t<\/section>\n\t\t\t\t<section class=\"elementor-section elementor-top-section elementor-element elementor-element-a0637de elementor-section-boxed elementor-section-height-default elementor-section-height-default\" data-id=\"a0637de\" data-element_type=\"section\" data-e-type=\"section\">\n\t\t\t\t\t\t<div class=\"elementor-container elementor-column-gap-default\">\n\t\t\t\t\t<div class=\"elementor-column elementor-col-100 elementor-top-column elementor-element elementor-element-6fcf25a\" data-id=\"6fcf25a\" data-element_type=\"column\" data-e-type=\"column\">\n\t\t\t<div class=\"elementor-widget-wrap elementor-element-populated\">\n\t\t\t\t\t\t<div class=\"elementor-element elementor-element-d9f4c45 elementor-widget-divider--view-line elementor-widget elementor-widget-divider\" data-id=\"d9f4c45\" data-element_type=\"widget\" data-e-type=\"widget\" data-widget_type=\"divider.default\">\n\t\t\t\t<div class=\"elementor-widget-container\">\n\t\t\t\t\t\t\t<div class=\"elementor-divider\">\n\t\t\t<span class=\"elementor-divider-separator\">\n\t\t\t\t\t\t<\/span>\n\t\t<\/div>\n\t\t\t\t\t\t<\/div>\n\t\t\t\t<\/div>\n\t\t\t\t\t<\/div>\n\t\t<\/div>\n\t\t\t\t\t<\/div>\n\t\t<\/section>\n\t\t\t\t<section class=\"elementor-section elementor-top-section elementor-element elementor-element-58f32fc elementor-section-boxed elementor-section-height-default elementor-section-height-default\" data-id=\"58f32fc\" data-element_type=\"section\" data-e-type=\"section\">\n\t\t\t\t\t\t<div class=\"elementor-container elementor-column-gap-default\">\n\t\t\t\t\t<div class=\"elementor-column elementor-col-100 elementor-top-column elementor-element elementor-element-ab96520\" data-id=\"ab96520\" data-element_type=\"column\" data-e-type=\"column\">\n\t\t\t<div class=\"elementor-widget-wrap elementor-element-populated\">\n\t\t\t\t\t\t<div class=\"elementor-element elementor-element-74c91ad elementor-widget elementor-widget-text-editor\" data-id=\"74c91ad\" data-element_type=\"widget\" data-e-type=\"widget\" data-widget_type=\"text-editor.default\">\n\t\t\t\t<div class=\"elementor-widget-container\">\n\t\t\t\t\t\t\t\t\t<p>27 juin 2024 Conf\u00e9rence avec Thierry de Montbrial, pr\u00e9sident-fondateur de L\u2019IFRI<\/p><p>Le jeudi 27 juin 2024, sous le parrainage du groupe Viel, le Cercle Turgot a re\u00e7u l\u2019acad\u00e9micien Thierry de Montbrial, pr\u00e9sident-fondateur de L\u2019IFRI (institut fran\u00e7ais des relations internationales), lors d\u2019une conf\u00e9rence autour du th\u00e8me : \u00ab guerre mondiale, Ukraine, union europ\u00e9enne, <em>quo vadis <\/em>? \u00bb<\/p><p>De pr\u00e9cieux \u00e9clairages, particuli\u00e8rement document\u00e9s, qui suscit\u00e8rent de nombreux et fructueux \u00e9changes avec un auditoire de membres du Cercle et d\u2019\u00e9conomistes de renom, Philippe Dessertine, Mickael Mangot, Jean-Luc Buchalet et d\u2019\u00e9minentes personnalit\u00e9s de la banque et de la finance.<\/p><p><em>Quid de la souverainet\u00e9 et des propositions de partage de la dissuasion nucl\u00e9aire fran\u00e7aise ? <\/em><br \/><br \/>L\u2019Occident s\u2019est largement tromp\u00e9 sur les effets de ses sanctions contre une Russie \u00ab championne du syst\u00e8me D \u00bb, qui a su les contourner.<br \/>R\u00e9sultat catastrophique : la Russie est devenue un adversaire coriace de la France pour longtemps<br \/>L\u2019\u00e9largissement de l\u2019Europe fut une erreur et a tir\u00e9 le centre du dispositif d\u2019influence vers le nord de l\u2019Europe.<br \/>L\u2019intervenant devait aussi faire part de ses grandes r\u00e9serves sur les propositions des blocs politiques en comp\u00e9tition apr\u00e8s la surprenante dissolution : aucun des programmes n\u2019est applicable et le d\u00e9classement de la France en cours, va se poursuivre pour longtemps.<br \/><br \/><\/p><p>En conclusion, le conf\u00e9rencier devait insister sur le fait que \u00ab la notion de bien commun \/public mondial commence \u00e0 prendre un sens concret et que toutes les guerres s\u2019ach\u00e8vent par un compromis que l\u2019on ne peut qu\u2019appeler de ses v\u0153ux.<\/p>\t\t\t\t\t\t\t\t<\/div>\n\t\t\t\t<\/div>\n\t\t\t\t\t<\/div>\n\t\t<\/div>\n\t\t\t\t\t<\/div>\n\t\t<\/section>\n\t\t\t\t<section class=\"elementor-section elementor-top-section elementor-element elementor-element-293a123 elementor-section-boxed elementor-section-height-default elementor-section-height-default\" data-id=\"293a123\" data-element_type=\"section\" data-e-type=\"section\">\n\t\t\t\t\t\t<div class=\"elementor-container elementor-column-gap-default\">\n\t\t\t\t\t<div class=\"elementor-column elementor-col-50 elementor-top-column elementor-element elementor-element-c506d33\" data-id=\"c506d33\" data-element_type=\"column\" data-e-type=\"column\">\n\t\t\t<div class=\"elementor-widget-wrap elementor-element-populated\">\n\t\t\t\t\t\t<div class=\"elementor-element elementor-element-f5b8471 elementor-widget elementor-widget-image\" data-id=\"f5b8471\" data-element_type=\"widget\" data-e-type=\"widget\" data-widget_type=\"image.default\">\n\t\t\t\t<div class=\"elementor-widget-container\">\n\t\t\t\t\t\t\t\t\t\t\t\t\t\t\t\t<a href=\"http:\/\/www.ihfi-turgot.com\/wp-content\/uploads\/2024\/07\/27-juin-24-1.jpg\" data-elementor-open-lightbox=\"yes\" data-elementor-lightbox-title=\"27 juin 24 1\" data-e-action-hash=\"#elementor-action%3Aaction%3Dlightbox%26settings%3DeyJpZCI6MTU2OSwidXJsIjoiaHR0cHM6XC9cL3d3dy5paGZpLXR1cmdvdC5jb21cL3dwLWNvbnRlbnRcL3VwbG9hZHNcLzIwMjRcLzA3XC8yNy1qdWluLTI0LTEuanBnIn0%3D\">\n\t\t\t\t\t\t\t<img decoding=\"async\" width=\"800\" height=\"634\" src=\"https:\/\/www.ihfi-turgot.com\/wp-content\/uploads\/2024\/07\/27-juin-24-1-1024x812.jpg\" class=\"attachment-large size-large wp-image-1569\" alt=\"\" srcset=\"https:\/\/www.ihfi-turgot.com\/wp-content\/uploads\/2024\/07\/27-juin-24-1-1024x812.jpg 1024w, https:\/\/www.ihfi-turgot.com\/wp-content\/uploads\/2024\/07\/27-juin-24-1-300x238.jpg 300w, https:\/\/www.ihfi-turgot.com\/wp-content\/uploads\/2024\/07\/27-juin-24-1-768x609.jpg 768w, https:\/\/www.ihfi-turgot.com\/wp-content\/uploads\/2024\/07\/27-juin-24-1.jpg 1200w\" sizes=\"(max-width: 800px) 100vw, 800px\" \/>\t\t\t\t\t\t\t\t<\/a>\n\t\t\t\t\t\t\t\t\t\t\t\t\t\t\t<\/div>\n\t\t\t\t<\/div>\n\t\t\t\t\t<\/div>\n\t\t<\/div>\n\t\t\t\t<div class=\"elementor-column elementor-col-50 elementor-top-column elementor-element elementor-element-c079130\" data-id=\"c079130\" data-element_type=\"column\" data-e-type=\"column\">\n\t\t\t<div class=\"elementor-widget-wrap elementor-element-populated\">\n\t\t\t\t\t\t<div class=\"elementor-element elementor-element-0b6a748 elementor-widget elementor-widget-image\" data-id=\"0b6a748\" data-element_type=\"widget\" data-e-type=\"widget\" data-widget_type=\"image.default\">\n\t\t\t\t<div class=\"elementor-widget-container\">\n\t\t\t\t\t\t\t\t\t\t\t\t\t\t\t\t<a href=\"http:\/\/www.ihfi-turgot.com\/wp-content\/uploads\/2024\/07\/27-juin-24-2.jpg\" data-elementor-open-lightbox=\"yes\" data-elementor-lightbox-title=\"27 juin 24 2\" data-e-action-hash=\"#elementor-action%3Aaction%3Dlightbox%26settings%3DeyJpZCI6MTU2OCwidXJsIjoiaHR0cHM6XC9cL3d3dy5paGZpLXR1cmdvdC5jb21cL3dwLWNvbnRlbnRcL3VwbG9hZHNcLzIwMjRcLzA3XC8yNy1qdWluLTI0LTIuanBnIn0%3D\">\n\t\t\t\t\t\t\t<img decoding=\"async\" width=\"800\" height=\"583\" src=\"https:\/\/www.ihfi-turgot.com\/wp-content\/uploads\/2024\/07\/27-juin-24-2-1024x746.jpg\" class=\"attachment-large size-large wp-image-1568\" alt=\"\" srcset=\"https:\/\/www.ihfi-turgot.com\/wp-content\/uploads\/2024\/07\/27-juin-24-2-1024x746.jpg 1024w, https:\/\/www.ihfi-turgot.com\/wp-content\/uploads\/2024\/07\/27-juin-24-2-300x219.jpg 300w, https:\/\/www.ihfi-turgot.com\/wp-content\/uploads\/2024\/07\/27-juin-24-2-768x559.jpg 768w, https:\/\/www.ihfi-turgot.com\/wp-content\/uploads\/2024\/07\/27-juin-24-2.jpg 1200w\" sizes=\"(max-width: 800px) 100vw, 800px\" \/>\t\t\t\t\t\t\t\t<\/a>\n\t\t\t\t\t\t\t\t\t\t\t\t\t\t\t<\/div>\n\t\t\t\t<\/div>\n\t\t\t\t\t<\/div>\n\t\t<\/div>\n\t\t\t\t\t<\/div>\n\t\t<\/section>\n\t\t\t\t<\/div>\n\t\t","protected":false},"excerpt":{"rendered":"<p>Cercle TURGOT &#8211; Rencontre du 29 janvier avec le Premier Minstre Bernard CAZENEUVE 27 juin 2024 Conf\u00e9rence avec Thierry de<\/p>\n","protected":false},"author":1,"featured_media":0,"parent":0,"menu_order":0,"comment_status":"closed","ping_status":"closed","template":"","meta":{"colormag_page_container_layout":"default_layout","colormag_page_sidebar_layout":"default_layout","footnotes":""},"class_list":["post-1566","page","type-page","status-publish","hentry"],"aioseo_notices":[],"_links":{"self":[{"href":"http:\/\/www.ihfi-turgot.com\/index.php?rest_route=\/wp\/v2\/pages\/1566","targetHints":{"allow":["GET"]}}],"collection":[{"href":"http:\/\/www.ihfi-turgot.com\/index.php?rest_route=\/wp\/v2\/pages"}],"about":[{"href":"http:\/\/www.ihfi-turgot.com\/index.php?rest_route=\/wp\/v2\/types\/page"}],"author":[{"embeddable":true,"href":"http:\/\/www.ihfi-turgot.com\/index.php?rest_route=\/wp\/v2\/users\/1"}],"replies":[{"embeddable":true,"href":"http:\/\/www.ihfi-turgot.com\/index.php?rest_route=%2Fwp%2Fv2%2Fcomments&post=1566"}],"version-history":[{"count":11,"href":"http:\/\/www.ihfi-turgot.com\/index.php?rest_route=\/wp\/v2\/pages\/1566\/revisions"}],"predecessor-version":[{"id":1651,"href":"http:\/\/www.ihfi-turgot.com\/index.php?rest_route=\/wp\/v2\/pages\/1566\/revisions\/1651"}],"wp:attachment":[{"href":"http:\/\/www.ihfi-turgot.com\/index.php?rest_route=%2Fwp%2Fv2%2Fmedia&parent=1566"}],"curies":[{"name":"wp","href":"https:\/\/api.w.org\/{rel}","templated":true}]}}

Événements

<div data-elementor-type="wp-page" data-elementor-id="1566" class="elementor elementor-1566" data-elementor-post-type="page">
						<section class="elementor-section elementor-top-section elementor-element elementor-element-6878c4a elementor-section-boxed elementor-section-height-default elementor-section-height-default" data-id="6878c4a" data-element_type="section" data-e-type="section">
						<div class="elementor-container elementor-column-gap-default">
					<div class="elementor-column elementor-col-100 elementor-top-column elementor-element elementor-element-8817249" data-id="8817249" data-element_type="column" data-e-type="column">
			<div class="elementor-widget-wrap elementor-element-populated">
						<div class="elementor-element elementor-element-5e31b0c elementor-widget elementor-widget-image" data-id="5e31b0c" data-element_type="widget" data-e-type="widget" data-widget_type="image.default">
				<div class="elementor-widget-container">
												<figure class="wp-caption">
										<img fetchpriority="high" decoding="async" width="800" height="534" src="https://www.ihfi-turgot.com/wp-content/uploads/2025/02/Cercle-TURGOT-Rencontre-du-29-janvier-avec-le-Premier-Minstre-Bernard-CAZENEUVE-1024x683.jpg" class="attachment-large size-large wp-image-1648" alt="" srcset="https://www.ihfi-turgot.com/wp-content/uploads/2025/02/Cercle-TURGOT-Rencontre-du-29-janvier-avec-le-Premier-Minstre-Bernard-CAZENEUVE-1024x683.jpg 1024w, https://www.ihfi-turgot.com/wp-content/uploads/2025/02/Cercle-TURGOT-Rencontre-du-29-janvier-avec-le-Premier-Minstre-Bernard-CAZENEUVE-300x200.jpg 300w, https://www.ihfi-turgot.com/wp-content/uploads/2025/02/Cercle-TURGOT-Rencontre-du-29-janvier-avec-le-Premier-Minstre-Bernard-CAZENEUVE-768x512.jpg 768w, https://www.ihfi-turgot.com/wp-content/uploads/2025/02/Cercle-TURGOT-Rencontre-du-29-janvier-avec-le-Premier-Minstre-Bernard-CAZENEUVE-1536x1024.jpg 1536w" sizes="(max-width: 800px) 100vw, 800px" />											<figcaption class="widget-image-caption wp-caption-text">Cercle TURGOT - Rencontre du 29 janvier avec le Premier Minstre Bernard CAZENEUVE</figcaption>
										</figure>
									</div>
				</div>
					</div>
		</div>
					</div>
		</section>
				<section class="elementor-section elementor-top-section elementor-element elementor-element-a0637de elementor-section-boxed elementor-section-height-default elementor-section-height-default" data-id="a0637de" data-element_type="section" data-e-type="section">
						<div class="elementor-container elementor-column-gap-default">
					<div class="elementor-column elementor-col-100 elementor-top-column elementor-element elementor-element-6fcf25a" data-id="6fcf25a" data-element_type="column" data-e-type="column">
			<div class="elementor-widget-wrap elementor-element-populated">
						<div class="elementor-element elementor-element-d9f4c45 elementor-widget-divider--view-line elementor-widget elementor-widget-divider" data-id="d9f4c45" data-element_type="widget" data-e-type="widget" data-widget_type="divider.default">
				<div class="elementor-widget-container">
							<div class="elementor-divider">
			<span class="elementor-divider-separator">
						</span>
		</div>
						</div>
				</div>
					</div>
		</div>
					</div>
		</section>
				<section class="elementor-section elementor-top-section elementor-element elementor-element-58f32fc elementor-section-boxed elementor-section-height-default elementor-section-height-default" data-id="58f32fc" data-element_type="section" data-e-type="section">
						<div class="elementor-container elementor-column-gap-default">
					<div class="elementor-column elementor-col-100 elementor-top-column elementor-element elementor-element-ab96520" data-id="ab96520" data-element_type="column" data-e-type="column">
			<div class="elementor-widget-wrap elementor-element-populated">
						<div class="elementor-element elementor-element-74c91ad elementor-widget elementor-widget-text-editor" data-id="74c91ad" data-element_type="widget" data-e-type="widget" data-widget_type="text-editor.default">
				<div class="elementor-widget-container">
									<p>27 juin 2024 Conférence avec Thierry de Montbrial, président-fondateur de L’IFRI</p><p>Le jeudi 27 juin 2024, sous le parrainage du groupe Viel, le Cercle Turgot a reçu l’académicien Thierry de Montbrial, président-fondateur de L’IFRI (institut français des relations internationales), lors d’une conférence autour du thème : « guerre mondiale, Ukraine, union européenne, <em>quo vadis </em>? »</p><p>De précieux éclairages, particulièrement documentés, qui suscitèrent de nombreux et fructueux échanges avec un auditoire de membres du Cercle et d’économistes de renom, Philippe Dessertine, Mickael Mangot, Jean-Luc Buchalet et d’éminentes personnalités de la banque et de la finance.</p><p><em>Quid de la souveraineté et des propositions de partage de la dissuasion nucléaire française ? </em><br /><br />L’Occident s’est largement trompé sur les effets de ses sanctions contre une Russie « championne du système D », qui a su les contourner.<br />Résultat catastrophique : la Russie est devenue un adversaire coriace de la France pour longtemps<br />L’élargissement de l’Europe fut une erreur et a tiré le centre du dispositif d’influence vers le nord de l’Europe.<br />L’intervenant devait aussi faire part de ses grandes réserves sur les propositions des blocs politiques en compétition après la surprenante dissolution : aucun des programmes n’est applicable et le déclassement de la France en cours, va se poursuivre pour longtemps.<br /><br /></p><p>En conclusion, le conférencier devait insister sur le fait que « la notion de bien commun /public mondial commence à prendre un sens concret et que toutes les guerres s’achèvent par un compromis que l’on ne peut qu’appeler de ses vœux.</p>								</div>
				</div>
					</div>
		</div>
					</div>
		</section>
				<section class="elementor-section elementor-top-section elementor-element elementor-element-293a123 elementor-section-boxed elementor-section-height-default elementor-section-height-default" data-id="293a123" data-element_type="section" data-e-type="section">
						<div class="elementor-container elementor-column-gap-default">
					<div class="elementor-column elementor-col-50 elementor-top-column elementor-element elementor-element-c506d33" data-id="c506d33" data-element_type="column" data-e-type="column">
			<div class="elementor-widget-wrap elementor-element-populated">
						<div class="elementor-element elementor-element-f5b8471 elementor-widget elementor-widget-image" data-id="f5b8471" data-element_type="widget" data-e-type="widget" data-widget_type="image.default">
				<div class="elementor-widget-container">
																<a href="http://www.ihfi-turgot.com/wp-content/uploads/2024/07/27-juin-24-1.jpg" data-elementor-open-lightbox="yes" data-elementor-lightbox-title="27 juin 24 1" data-e-action-hash="#elementor-action%3Aaction%3Dlightbox%26settings%3DeyJpZCI6MTU2OSwidXJsIjoiaHR0cHM6XC9cL3d3dy5paGZpLXR1cmdvdC5jb21cL3dwLWNvbnRlbnRcL3VwbG9hZHNcLzIwMjRcLzA3XC8yNy1qdWluLTI0LTEuanBnIn0%3D">
							<img decoding="async" width="800" height="634" src="https://www.ihfi-turgot.com/wp-content/uploads/2024/07/27-juin-24-1-1024x812.jpg" class="attachment-large size-large wp-image-1569" alt="" srcset="https://www.ihfi-turgot.com/wp-content/uploads/2024/07/27-juin-24-1-1024x812.jpg 1024w, https://www.ihfi-turgot.com/wp-content/uploads/2024/07/27-juin-24-1-300x238.jpg 300w, https://www.ihfi-turgot.com/wp-content/uploads/2024/07/27-juin-24-1-768x609.jpg 768w, https://www.ihfi-turgot.com/wp-content/uploads/2024/07/27-juin-24-1.jpg 1200w" sizes="(max-width: 800px) 100vw, 800px" />								</a>
															</div>
				</div>
					</div>
		</div>
				<div class="elementor-column elementor-col-50 elementor-top-column elementor-element elementor-element-c079130" data-id="c079130" data-element_type="column" data-e-type="column">
			<div class="elementor-widget-wrap elementor-element-populated">
						<div class="elementor-element elementor-element-0b6a748 elementor-widget elementor-widget-image" data-id="0b6a748" data-element_type="widget" data-e-type="widget" data-widget_type="image.default">
				<div class="elementor-widget-container">
																<a href="http://www.ihfi-turgot.com/wp-content/uploads/2024/07/27-juin-24-2.jpg" data-elementor-open-lightbox="yes" data-elementor-lightbox-title="27 juin 24 2" data-e-action-hash="#elementor-action%3Aaction%3Dlightbox%26settings%3DeyJpZCI6MTU2OCwidXJsIjoiaHR0cHM6XC9cL3d3dy5paGZpLXR1cmdvdC5jb21cL3dwLWNvbnRlbnRcL3VwbG9hZHNcLzIwMjRcLzA3XC8yNy1qdWluLTI0LTIuanBnIn0%3D">
							<img decoding="async" width="800" height="583" src="https://www.ihfi-turgot.com/wp-content/uploads/2024/07/27-juin-24-2-1024x746.jpg" class="attachment-large size-large wp-image-1568" alt="" srcset="https://www.ihfi-turgot.com/wp-content/uploads/2024/07/27-juin-24-2-1024x746.jpg 1024w, https://www.ihfi-turgot.com/wp-content/uploads/2024/07/27-juin-24-2-300x219.jpg 300w, https://www.ihfi-turgot.com/wp-content/uploads/2024/07/27-juin-24-2-768x559.jpg 768w, https://www.ihfi-turgot.com/wp-content/uploads/2024/07/27-juin-24-2.jpg 1200w" sizes="(max-width: 800px) 100vw, 800px" />								</a>
															</div>
				</div>
					</div>
		</div>
					</div>
		</section>
				</div>

<p>Cercle TURGOT &#8211; Rencontre du 29 janvier avec le Premier Minstre Bernard CAZENEUVE 27 juin 2024 Conférence avec Thierry de</p>
